
Calculate the highest common divisor of 40 and 232768.
8
Calculate the greatest common factor of 20 and 115580.
20
Calculate the highest common divisor of 76 and 1468.
4
Calculate the highest common factor of 3762381 and 42.
21
What is the greatest common divisor of 19200 and 1110?
30
What is the greatest common factor of 53808 and 9558?
354
What is the highest common factor of 82 and 100655?
41
What is the highest common divisor of 12501 and 1161?
27
Calculate the greatest common factor of 142538 and 8184.
682
What is the greatest common divisor of 72762 and 134?
134
Calculate the highest common divisor of 775236 and 3927.
231
Calculate the greatest common divisor of 5628 and 23604.
84
What is the highest common factor of 1987 and 44?
1
What is the highest common factor of 63 and 3703?
7
Calculate the highest common factor of 127239 and 84.
21
What is the highest common divisor of 52730 and 10?
10
What is the greatest common factor of 396746 and 238?
238
Calculate the highest common factor of 711 and 41159.
79
Calculate the highest common divisor of 1209289 and 86.
43
Calculate the greatest common factor of 620 and 1380.
20
Calculate the greatest common factor of 862373 and 29.
29
Calculate the greatest common factor of 35105 and 1475.
295
What is the highest common divisor of 32880 and 84?
12
What is the highest common factor of 1178538 and 2136?
534
What is the highest common divisor of 1638493 and 1238?
619
Calculate the highest common divisor of 201 and 469.
67
What is the greatest common divisor of 7575 and 2025?
75
What is the highest common divisor of 129300 and 6900?
300
What is the greatest common factor of 339 and 2001117?
339
Calculate the highest common factor of 2988 and 1788.
12
What is the greatest common factor of 1267772 and 44?
44
Calculate the highest common factor of 15 and 53829.
3
What is the greatest common divisor of 60363 and 209?
19
What is the highest common factor of 2010270 and 1356?
678
What is the greatest common factor of 93 and 234298?
31
What is the highest common divisor of 905 and 1465?
5
Calculate the greatest common divisor of 51 and 177.
3
What is the highest common divisor of 22 and 420805?
11
What is the highest common factor of 22 and 7114?
2
What is the highest common factor of 358 and 3048728?
358
Calculate the greatest common divisor of 535 and 144985.
535
What is the greatest common divisor of 2016 and 1953?
63
What is the greatest common factor of 2408173 and 1779?
593
Calculate the greatest common factor of 358484 and 248.
124
What is the greatest common factor of 814 and 568764?
74
What is the highest common divisor of 14382 and 4512?
282
Calculate the highest common factor of 1392 and 129021.
87
What is the highest common factor of 1476 and 393108?
492
What is the highest common factor of 59536 and 16?
16
What is the highest common factor of 189 and 79113?
3
Calculate the greatest common factor of 808 and 226341.
101
Calculate the highest common factor of 28054 and 1534.
26
Calculate the highest common divisor of 130 and 462140.
10
Calculate the greatest common factor of 451262 and 112.
14
Calculate the greatest common divisor of 6095 and 795.
265
What is the greatest common divisor of 955332 and 13923?
1071
What is the highest common divisor of 75264 and 288?
96
What is the highest common factor of 2168 and 648?
8
What is the greatest common factor of 15744 and 12864?
192
What is the greatest common factor of 3972448 and 32?
32
What is the highest common factor of 48 and 674004?
12
Calculate the highest common factor of 292710 and 60.
30
What is the highest common divisor of 52 and 257231?
13
What is the greatest common factor of 6 and 513015?
3
Calculate the highest common divisor of 629240 and 40.
40
What is the highest common divisor of 128 and 4736?
128
Calculate the highest common divisor of 149 and 1913309.
149
What is the greatest common divisor of 488 and 10126?
122
What is the greatest common divisor of 890 and 1246?
178
Calculate the highest common divisor of 50024 and 26.
26
What is the highest common divisor of 30 and 951030?
30
Calculate the greatest common divisor of 15 and 6835830.
15
What is the highest common divisor of 144 and 18960?
48
Calculate the highest common divisor of 382839 and 888.
111
What is the highest common factor of 25 and 51?
1
What is the highest common factor of 1884 and 2148?
12
Calculate the greatest common divisor of 8360 and 60040.
760
Calculate the highest common factor of 117 and 577954.
13
What is the highest common divisor of 200 and 368?
8
Calculate the highest common divisor of 408 and 528.
24
What is the highest common factor of 2214 and 27798?
246
Calculate the greatest common factor of 23583 and 84.
21
What is the greatest common factor of 23270 and 260?
130
Calculate the highest common factor of 13524 and 3675.
147
What is the highest common factor of 207710 and 10?
10
What is the greatest common divisor of 1508 and 7076?
116
What is the highest common factor of 316 and 35866?
158
What is the greatest common factor of 1316446 and 527?
527
Calculate the greatest common factor of 3395 and 571718.
679
What is the highest common factor of 235232 and 32?
32
What is the greatest common divisor of 417 and 2363?
139
What is the greatest common factor of 857004 and 204?
204
What is the highest common divisor of 228 and 2228?
4
Calculate the greatest common divisor of 4022985 and 45.
15
Calculate the highest common factor of 111474 and 99.
99
What is the highest common factor of 188306 and 4?
2
What is the greatest common divisor of 77 and 818433?
77
What is the highest common factor of 1482 and 10716?
114
Calculate the greatest common factor of 9 and 206937.
9
What is the highest common divisor of 117899 and 1?
1
Calculate the highest common divisor of 461 and 135073.
461
What is the highest common divisor of 804 and 17018?
134
What is the highest common factor of 6507 and 54?
27
What is the highest common factor of 2542212 and 6?
6
Calculate the greatest common factor of 2593800 and 1000.
200
What is the greatest common divisor of 7239 and 5187?
57
Calculate the highest common divisor of 525 and 5019.
21
Calculate the greatest common divisor of 535 and 519485.
535
What is the greatest common divisor of 133663 and 365?
73
Calculate the greatest common divisor of 1917 and 216.
27
Calculate the greatest common factor of 4790 and 5210.
10
Calculate the greatest common factor of 1711 and 2813.
29
Calculate the highest common factor of 986 and 31726.
58
What is the highest common divisor of 928 and 1682?
58
What is the greatest common factor of 412 and 32342?
206
Calculate the highest common divisor of 58 and 7018.
58
Calculate the greatest common divisor of 741 and 12714.
39
What is the greatest common factor of 1592 and 131141?
199
Calculate the highest common divisor of 1990740 and 420.
60
Calculate the greatest common divisor of 27 and 99207.
9
What is the greatest common divisor of 7426820 and 80?
20
Calculate the highest common factor of 18882 and 376591.
1049
Calculate the highest common factor of 83 and 12025621.
83
What is the highest common divisor of 117 and 1511991?
117
Calculate the highest common factor of 99861 and 15.
3
What is the highest common divisor of 16742 and 44?
22
What is the greatest common factor of 750 and 18625?
125
What is the highest common divisor of 192311 and 4303?
331
Calculate the greatest common factor of 443724 and 68.
4
Calculate the greatest common divisor of 2022225 and 885.
885
Calculate the greatest common factor of 156 and 360412.
52
What is the greatest common divisor of 21 and 1939?
7
What is the highest common factor of 77715 and 38940?
165
What is the greatest common factor of 7371 and 609?
21
Calculate the greatest common factor of 180 and 24580.
20
Calculate the highest common divisor of 732912 and 48.
48
Calculate the greatest common divisor of 4264 and 31488.
328
Calculate the highest common factor of 29181 and 213.
213
Calculate the highest common divisor of 252 and 3732.
12
Calculate the highest common factor of 26375 and 9750.
125
Calculate the highest common divisor of 2128 and 4066.
38
What is the highest common divisor of 1605 and 2235?
15
What is the highest common factor of 703864 and 56?
5